[INFO] cloning repository https://github.com/quake/ckb-light-node-demo
[INFO] running `Command { std: "git" "-c" "credential.helper=" "-c" "credential.helper=/workspace/cargo-home/bin/git-credential-null" "clone" "--bare" "https://github.com/quake/ckb-light-node-demo" "/workspace/cache/git-repos/https%3A%2F%2Fgithub.com%2Fquake%2Fckb-light-node-demo", kill_on_drop: false }`
[INFO] [stderr] Cloning into bare repository '/workspace/cache/git-repos/https%3A%2F%2Fgithub.com%2Fquake%2Fckb-light-node-demo'...
[INFO] running `Command { std: "git" "rev-parse" "HEAD", kill_on_drop: false }`
[INFO] [stdout] 328c2f768c78f061cba27ee943115253c886e758
[INFO] checking quake/ckb-light-node-demo against try#72f88fc4e9458f89516a0b8b0868f3718aec5b47 for pr-74989
[INFO] running `Command { std: "git" "clone" "/workspace/cache/git-repos/https%3A%2F%2Fgithub.com%2Fquake%2Fckb-light-node-demo" "/workspace/builds/worker-9/source", kill_on_drop: false }`
[INFO] [stderr] Cloning into '/workspace/builds/worker-9/source'...
[INFO] [stderr] done.
[INFO] validating manifest of git repo https://github.com/quake/ckb-light-node-demo on toolchain 72f88fc4e9458f89516a0b8b0868f3718aec5b47
[INFO] running `Command { std: "/workspace/cargo-home/bin/cargo" "+72f88fc4e9458f89516a0b8b0868f3718aec5b47" "read-manifest" "--manifest-path" "Cargo.toml", kill_on_drop: false }`
[INFO] started tweaking git repo https://github.com/quake/ckb-light-node-demo
[INFO] finished tweaking git repo https://github.com/quake/ckb-light-node-demo
[INFO] tweaked toml for git repo https://github.com/quake/ckb-light-node-demo written to /workspace/builds/worker-9/source/Cargo.toml
[INFO] crate git repo https://github.com/quake/ckb-light-node-demo already has a lockfile, it will not be regenerated
[INFO] running `Command { std: "/workspace/cargo-home/bin/cargo" "+72f88fc4e9458f89516a0b8b0868f3718aec5b47" "fetch" "--locked" "--manifest-path" "Cargo.toml", kill_on_drop: false }`
[INFO] [stderr]     Updating git repository `https://github.com/nervosnetwork/bloom-filters`
[INFO] [stderr]     Updating git submodule `https://github.com/nervosnetwork/ckb-tests.git`
[INFO] [stderr]  Downloading crates ...
[INFO] [stderr]   Downloaded jsonrpc-derive v14.2.1
[INFO] [stderr]   Downloaded tentacle v0.3.0
[INFO] [stderr]   Downloaded tentacle-secio v0.4.0
[INFO] [stderr]   Downloaded tokio-yamux v0.2.5
[INFO] running `Command { std: "docker" "create" "-v" "/var/lib/crater-agent-workspace/builds/worker-9/target:/opt/rustwide/target:rw,Z" "-v" "/var/lib/crater-agent-workspace/builds/worker-9/source:/opt/rustwide/workdir:ro,Z" "-v" "/var/lib/crater-agent-workspace/cargo-home:/opt/rustwide/cargo-home:ro,Z" "-v" "/var/lib/crater-agent-workspace/rustup-home:/opt/rustwide/rustup-home:ro,Z" "-e" "SOURCE_DIR=/opt/rustwide/workdir" "-e" "CARGO_TARGET_DIR=/opt/rustwide/target" "-e" "CARGO_HOME=/opt/rustwide/cargo-home" "-e" "RUSTUP_HOME=/opt/rustwide/rustup-home" "-w" "/opt/rustwide/workdir" "-m" "1610612736" "--user" "0:0" "--network" "none" "rustops/crates-build-env@sha256:d92eaeed33fa75130ca1ee6c8a01d1ffb62bac859dfdfb3450e3e5d1c0146529" "/opt/rustwide/cargo-home/bin/cargo" "+72f88fc4e9458f89516a0b8b0868f3718aec5b47" "metadata" "--no-deps" "--format-version=1", kill_on_drop: false }`
[INFO] [stdout] 73ea3c31602bab2b3c70f7c93c15deb889a0ec06b65d2e9325df266532e31da7
[INFO] [stderr] WARNING: Your kernel does not support swap limit capabilities or the cgroup is not mounted. Memory limited without swap.
[INFO] running `Command { std: "docker" "start" "-a" "73ea3c31602bab2b3c70f7c93c15deb889a0ec06b65d2e9325df266532e31da7", kill_on_drop: false }`
[INFO] running `Command { std: "docker" "inspect" "73ea3c31602bab2b3c70f7c93c15deb889a0ec06b65d2e9325df266532e31da7", kill_on_drop: false }`
[INFO] running `Command { std: "docker" "rm" "-f" "73ea3c31602bab2b3c70f7c93c15deb889a0ec06b65d2e9325df266532e31da7", kill_on_drop: false }`
[INFO] [stdout] 73ea3c31602bab2b3c70f7c93c15deb889a0ec06b65d2e9325df266532e31da7
[INFO] running `Command { std: "docker" "create" "-v" "/var/lib/crater-agent-workspace/builds/worker-9/target:/opt/rustwide/target:rw,Z" "-v" "/var/lib/crater-agent-workspace/builds/worker-9/source:/opt/rustwide/workdir:ro,Z" "-v" "/var/lib/crater-agent-workspace/cargo-home:/opt/rustwide/cargo-home:ro,Z" "-v" "/var/lib/crater-agent-workspace/rustup-home:/opt/rustwide/rustup-home:ro,Z" "-e" "SOURCE_DIR=/opt/rustwide/workdir" "-e" "CARGO_TARGET_DIR=/opt/rustwide/target" "-e" "CARGO_INCREMENTAL=0" "-e" "RUST_BACKTRACE=full" "-e" "RUSTFLAGS=--cap-lints=forbid" "-e" "CARGO_HOME=/opt/rustwide/cargo-home" "-e" "RUSTUP_HOME=/opt/rustwide/rustup-home" "-w" "/opt/rustwide/workdir" "-m" "1610612736" "--user" "0:0" "--network" "none" "rustops/crates-build-env@sha256:d92eaeed33fa75130ca1ee6c8a01d1ffb62bac859dfdfb3450e3e5d1c0146529" "/opt/rustwide/cargo-home/bin/cargo" "+72f88fc4e9458f89516a0b8b0868f3718aec5b47" "check" "--frozen" "--all" "--all-targets" "--message-format=json", kill_on_drop: false }`
[INFO] [stdout] cee513d78ec40aba515267efdd530fde72c249878357af77d28a2ce3ebda111c
[INFO] [stderr] WARNING: Your kernel does not support swap limit capabilities or the cgroup is not mounted. Memory limited without swap.
[INFO] running `Command { std: "docker" "start" "-a" "cee513d78ec40aba515267efdd530fde72c249878357af77d28a2ce3ebda111c", kill_on_drop: false }`
[INFO] [stderr]    Compiling libc v0.2.74
[INFO] [stderr]    Compiling proc-macro2 v1.0.19
[INFO] [stderr]    Compiling unicode-xid v0.2.1
[INFO] [stderr]    Compiling cfg-if v0.1.10
[INFO] [stderr]    Compiling syn v1.0.38
[INFO] [stderr]    Compiling serde_derive v1.0.115
[INFO] [stderr]    Compiling serde v1.0.115
[INFO] [stderr]    Compiling lazy_static v1.4.0
[INFO] [stderr]    Compiling rayon-core v1.7.1
[INFO] [stderr]    Compiling scopeguard v1.1.0
[INFO] [stderr]    Compiling either v1.6.0
[INFO] [stderr]    Compiling failure_derive v0.1.8
[INFO] [stderr]    Compiling byteorder v1.3.4
[INFO] [stderr]    Compiling rand_core v0.4.2
[INFO] [stderr]    Compiling semver-parser v0.7.0
[INFO] [stderr]    Compiling proc-macro2 v0.4.30
[INFO] [stderr]    Compiling unicode-xid v0.1.0
[INFO] [stderr]     Checking futures v0.1.29
[INFO] [stderr]     Checking slab v0.4.2
[INFO] [stderr]    Compiling version_check v0.9.2
[INFO] [stderr]     Checking fnv v1.0.7
[INFO] [stderr]     Checking adler v0.2.3
[INFO] [stderr]    Compiling rustc-demangle v0.1.16
[INFO] [stderr]     Checking itoa v0.4.6
[INFO] [stderr]     Checking object v0.20.0
[INFO] [stderr]    Compiling heapsize v0.4.2
[INFO] [stderr]    Compiling crc32fast v1.2.0
[INFO] [stderr]     Checking matches v0.1.8
[INFO] [stderr]    Compiling faster-hex v0.4.1
[INFO] [stderr]    Compiling ryu v1.0.5
[INFO] [stderr]    Compiling unicode-xid v0.0.4
[INFO] [stderr]    Compiling quote v0.3.15
[INFO] [stderr]     Checking regex-syntax v0.6.18
[INFO] [stderr]     Checking percent-encoding v1.0.1
[INFO] [stderr]    Compiling getrandom v0.1.14
[INFO] [stderr]     Checking futures-core v0.3.5
[INFO] [stderr]    Compiling pin-project-internal v0.4.23
[INFO] [stderr]     Checking foreign-types-shared v0.1.1
[INFO] [stderr]     Checking ppv-lite86 v0.2.8
[INFO] [stderr]    Compiling faster-hex v0.3.1
[INFO] [stderr]     Checking futures-sink v0.3.5
[INFO] [stderr]    Compiling httparse v1.3.4
[INFO] [stderr]     Checking bit-vec v0.5.1
[INFO] [stderr]     Checking try-lock v0.2.3
[INFO] [stderr]    Compiling glob v0.3.0
[INFO] [stderr]    Compiling native-tls v0.2.4
[INFO] [stderr]     Checking pin-project-lite v0.1.7
[INFO] [stderr]     Checking percent-encoding v2.1.0
[INFO] [stderr]     Checking openssl-probe v0.1.2
[INFO] [stderr]    Compiling quick-error v1.2.3
[INFO] [stderr]    Compiling encoding_rs v0.8.23
[INFO] [stderr]    Compiling once_cell v1.4.0
[INFO] [stderr]     Checking mime v0.3.16
[INFO] [stderr]    Compiling termcolor v1.1.0
[INFO] [stderr]    Compiling strsim v0.8.0
[INFO] [stderr]     Checking remove_dir_all v0.5.3
[INFO] [stderr]    Compiling vec_map v0.8.2
[INFO] [stderr]     Checking scopeguard v0.3.3
[INFO] [stderr]    Compiling ansi_term v0.11.0
[INFO] [stderr]    Compiling bindgen v0.53.3
[INFO] [stderr]     Checking unsigned-varint v0.3.3
[INFO] [stderr]    Compiling tentacle-secio v0.4.0
[INFO] [stderr]    Compiling lazycell v1.3.0
[INFO] [stderr]     Checking spin v0.5.2
[INFO] [stderr]    Compiling peeking_take_while v0.1.2
[INFO] [stderr]    Compiling shlex v0.1.1
[INFO] [stderr]     Checking untrusted v0.7.1
[INFO] [stderr]     Checking eaglesong v0.1.0
[INFO] [stderr]     Checking httpdate v0.3.2
[INFO] [stderr]     Checking linked-hash-map v0.5.3
[INFO] [stderr]    Compiling nix v0.17.0
[INFO] [stderr]    Compiling snap v1.0.1
[INFO] [stderr]     Checking void v1.0.2
[INFO] [stderr]     Checking ckb-build-info v0.36.0-pre (https://github.com/nervosnetwork/ckb?branch=quake/bloom-filter#3cf8437c)
[INFO] [stderr]     Checking ansi_term v0.12.1
[INFO] [stderr]     Checking bech32 v0.6.0
[INFO] [stderr]    Compiling memoffset v0.5.5
[INFO] [stderr]    Compiling rayon v1.3.1
[INFO] [stderr]    Compiling hashbrown v0.8.2
[INFO] [stderr]    Compiling indexmap v1.5.1
[INFO] [stderr]    Compiling num-traits v0.2.12
[INFO] [stderr]     Checking merkle-cbt v0.2.2
[INFO] [stderr]    Compiling num-integer v0.1.43
[INFO] [stderr]     Checking try_from v0.3.2
[INFO] [stderr]     Checking thread_local v1.0.1
[INFO] [stderr]     Checking crossbeam-utils v0.6.6
[INFO] [stderr]    Compiling rand_core v0.3.1
[INFO] [stderr]    Compiling rand_jitter v0.1.4
[INFO] [stderr]    Compiling semver v0.9.0
[INFO] [stderr]     Checking miniz_oxide v0.4.0
[INFO] [stderr]     Checking lock_api v0.3.4
[INFO] [stderr]     Checking futures-task v0.3.5
[INFO] [stderr]     Checking unicode-bidi v0.3.4
[INFO] [stderr]    Compiling synom v0.11.3
[INFO] [stderr]     Checking foreign-types v0.3.2
[INFO] [stderr]    Compiling unicase v2.6.0
[INFO] [stderr]    Compiling error-chain v0.12.4
[INFO] [stderr]    Compiling nom v5.1.2
[INFO] [stderr]     Checking futures-channel v0.3.5
[INFO] [stderr]    Compiling textwrap v0.11.0
[INFO] [stderr]     Checking owning_ref v0.4.1
[INFO] [stderr]    Compiling humantime v1.3.0
[INFO] [stderr]     Checking tokio-sync v0.1.8
[INFO] [stderr]    Compiling maybe-uninit v2.0.0
[INFO] [stderr]    Compiling clang-sys v0.29.3
[INFO] [stderr]     Checking log v0.4.11
[INFO] [stderr]    Compiling memchr v2.3.3
[INFO] [stderr]    Compiling bitflags v1.2.1
[INFO] [stderr]    Compiling rand_xorshift v0.1.1
[INFO] [stderr]    Compiling rand_hc v0.1.0
[INFO] [stderr]    Compiling rand_isaac v0.1.1
[INFO] [stderr]    Compiling phf v0.7.24
[INFO] [stderr]     Checking crossbeam-channel v0.3.9
[INFO] [stderr]    Compiling syn v0.11.11
[INFO] [stderr]    Compiling rustc_version v0.2.3
[INFO] [stderr]     Checking smallvec v0.6.13
[INFO] [stderr]    Compiling crossbeam-utils v0.7.2
[INFO] [stderr]     Checking idna v0.1.5
[INFO] [stderr]     Checking idna v0.2.0
[INFO] [stderr]     Checking aho-corasick v0.7.13
[INFO] [stderr]     Checking bstr v0.2.13
[INFO] [stderr]     Checking lock_api v0.1.5
[INFO] [stderr]     Checking rand_chacha v0.1.1
[INFO] [stderr]     Checking rand_pcg v0.1.2
[INFO] [stderr]     Checking xml-rs v0.7.0
[INFO] [stderr]     Checking want v0.2.0
[INFO] [stderr]     Checking log v0.3.9
[INFO] [stderr]     Checking sized-chunks v0.1.3
[INFO] [stderr]     Checking base64 v0.10.1
[INFO] [stderr]     Checking tokio-executor v0.1.10
[INFO] [stderr]     Checking crossbeam-queue v0.2.3
[INFO] [stderr]     Checking quote v1.0.7
[INFO] [stderr]    Compiling quote v0.6.13
[INFO] [stderr]    Compiling parking_lot_core v0.6.2
[INFO] [stderr]    Compiling parking_lot v0.9.0
[INFO] [stderr]    Compiling hyper v0.12.35
[INFO] [stderr]    Compiling parking_lot_core v0.4.0
[INFO] [stderr]    Compiling im v12.3.4
[INFO] [stderr]    Compiling sentry v0.16.0
[INFO] [stderr]    Compiling crossbeam-epoch v0.8.2
[INFO] [stderr]     Checking url v1.7.2
[INFO] [stderr]     Checking url v2.1.1
[INFO] [stderr]     Checking block-buffer v0.7.3
[INFO] [stderr]     Checking regex v1.3.9
[INFO] [stderr]    Compiling mime_guess v2.0.3
[INFO] [stderr]     Checking tokio-timer v0.2.13
[INFO] [stderr]     Checking tokio-current-thread v0.1.7
[INFO] [stderr]     Checking xmltree v0.8.0
[INFO] [stderr]     Checking iovec v0.1.4
[INFO] [stderr]     Checking num_cpus v1.13.0
[INFO] [stderr]     Checking net2 v0.2.34
[INFO] [stderr]     Checking backtrace v0.3.50
[INFO] [stderr]     Checking rand_os v0.1.3
[INFO] [stderr]     Checking time v0.1.43
[INFO] [stderr]     Checking rand v0.5.6
[INFO] [stderr]     Checking flate2 v1.0.16
[INFO] [stderr]     Checking atty v0.2.14
[INFO] [stderr]     Checking rand v0.4.6
[INFO] [stderr]     Checking hostname v0.1.5
[INFO] [stderr]     Checking uname v0.1.1
[INFO] [stderr]     Checking parking_lot_core v0.7.2
[INFO] [stderr]    Compiling which v3.1.1
[INFO] [stderr]    Compiling syn v0.15.44
[INFO] [stderr]    Compiling crossbeam-deque v0.7.3
[INFO] [stderr]     Checking sha2 v0.8.2
[INFO] [stderr]     Checking bytes v0.4.12
[INFO] [stderr]     Checking futures-cpupool v0.1.8
[INFO] [stderr]     Checking rand v0.6.5
[INFO] [stderr]     Checking clap v2.33.3
[INFO] [stderr]     Checking mio v0.6.22
[INFO] [stderr]     Checking rand_core v0.5.1
[INFO] [stderr]    Compiling enum-display-derive v0.1.0
[INFO] [stderr]     Checking parking_lot v0.10.2
[INFO] [stderr]     Checking cookie v0.12.0
[INFO] [stderr]     Checking includedir v0.5.0
[INFO] [stderr]     Checking publicsuffix v1.5.4
[INFO] [stderr]     Checking env_logger v0.6.2
[INFO] [stderr]     Checking globset v0.4.5
[INFO] [stderr]     Checking rand v0.3.23
[INFO] [stderr]     Checking tokio-threadpool v0.1.18
[INFO] [stderr]     Checking rand_chacha v0.2.2
[INFO] [stderr]     Checking tokio-io v0.1.13
[INFO] [stderr]     Checking http v0.1.21
[INFO] [stderr]     Checking tokio-buf v0.1.1
[INFO] [stderr]     Checking string v0.2.1
[INFO] [stderr]    Compiling cexpr v0.4.0
[INFO] [stderr]     Checking mio-uds v0.6.8
[INFO] [stderr]     Checking bloom-filters v0.1.0 (https://github.com/nervosnetwork/bloom-filters#50c1b685)
[INFO] [stderr]     Checking resolve v0.2.0
[INFO] [stderr]    Compiling env_logger v0.7.1
[INFO] [stderr]     Checking rand v0.7.3
[INFO] [stderr]    Compiling phf_generator v0.7.24
[INFO] [stderr]     Checking tokio-codec v0.1.2
[INFO] [stderr]     Checking tokio-fs v0.1.7
[INFO] [stderr]     Checking tokio-reactor v0.1.12
[INFO] [stderr]     Checking parking_lot v0.7.1
[INFO] [stderr]    Compiling phf_codegen v0.7.24
[INFO] [stderr]    Compiling includedir_codegen v0.5.0
[INFO] [stderr]     Checking ckb-util v0.36.0-pre (https://github.com/nervosnetwork/ckb?branch=quake/bloom-filter#3cf8437c)
[INFO] [stderr]     Checking tokio-tcp v0.1.4
[INFO] [stderr]     Checking tokio-uds v0.2.7
[INFO] [stderr]     Checking tokio-udp v0.1.6
[INFO] [stderr]     Checking tokio v0.1.22
[INFO] [stderr]     Checking h2 v0.1.26
[INFO] [stderr]     Checking http-body v0.1.0
[INFO] [stderr]     Checking attohttpc v0.4.5
[INFO] [stderr]     Checking tempfile v3.1.0
[INFO] [stderr]     Checking faketime v0.2.0
[INFO] [stderr]     Checking ctrlc v3.1.6
[INFO] [stderr]     Checking igd v0.9.1
[INFO] [stderr]    Compiling numext-constructor v0.1.4
[INFO] [stderr]    Compiling cc v1.0.41
[INFO] [stderr]    Compiling synstructure v0.12.4
[INFO] [stderr]    Compiling blake2b-rs v0.1.5
[INFO] [stderr]    Compiling openssl-sys v0.9.58
[INFO] [stderr]    Compiling secp256k1-sys v0.1.2
[INFO] [stderr]    Compiling libloading v0.5.2
[INFO] [stderr]    Compiling ring v0.16.12
[INFO] [stderr]     Checking ckb-hash v0.36.0-pre (https://github.com/nervosnetwork/ckb?branch=quake/bloom-filter#3cf8437c)
[INFO] [stderr]    Compiling openssl v0.10.30
[INFO] [stderr]    Compiling ckb-system-scripts v0.5.1
[INFO] [stderr]    Compiling futures-macro v0.3.5
[INFO] [stderr]    Compiling thiserror-impl v1.0.20
[INFO] [stderr]     Checking secp256k1 v0.17.2
[INFO] [stderr]    Compiling failure v0.1.8
[INFO] [stderr]     Checking thiserror v1.0.20
[INFO] [stderr]     Checking pin-project v0.4.23
[INFO] [stderr]     Checking futures-util v0.3.5
[INFO] [stderr]     Checking hyper-tls v0.3.2
[INFO] [stderr]     Checking futures-executor v0.3.5
[INFO] [stderr]     Checking futures v0.3.5
[INFO] [stderr]    Compiling librocksdb-sys v6.7.4
[INFO] [stderr]     Checking bytes v0.5.6
[INFO] [stderr]     Checking serde_json v1.0.57
[INFO] [stderr]     Checking numext-fixed-uint-core v0.1.4
[INFO] [stderr]     Checking ckb-occupied-capacity-core v0.36.0-pre (https://github.com/nervosnetwork/ckb?branch=quake/bloom-filter#3cf8437c)
[INFO] [stderr]     Checking ckb-fixed-hash-core v0.36.0-pre (https://github.com/nervosnetwork/ckb?branch=quake/bloom-filter#3cf8437c)
[INFO] [stderr]     Checking uuid v0.7.4
[INFO] [stderr]     Checking serde_urlencoded v0.5.5
[INFO] [stderr]     Checking chrono v0.4.15
[INFO] [stderr]     Checking url_serde v0.2.0
[INFO] [stderr]     Checking ckb-logger-config v0.36.0-pre (https://github.com/nervosnetwork/ckb?branch=quake/bloom-filter#3cf8437c)
[INFO] [stderr]     Checking toml v0.5.6
[INFO] [stderr]     Checking serde_plain v0.3.0
[INFO] [stderr]     Checking ckb-metrics-config v0.36.0-pre (https://github.com/nervosnetwork/ckb?branch=quake/bloom-filter#3cf8437c)
[INFO] [stderr]     Checking ipnetwork v0.14.0
[INFO] [stderr]     Checking debugid v0.4.0
[INFO] [stderr]    Compiling ckb-occupied-capacity-macros v0.36.0-pre (https://github.com/nervosnetwork/ckb?branch=quake/bloom-filter#3cf8437c)
[INFO] [stderr]     Checking molecule v0.6.0
[INFO] [stderr]     Checking tokio v0.2.22
[INFO] [stderr]     Checking tentacle-multiaddr v0.1.0
[INFO] [stderr]    Compiling ckb-fixed-hash-macros v0.36.0-pre (https://github.com/nervosnetwork/ckb?branch=quake/bloom-filter#3cf8437c)
[INFO] [stderr]     Checking jsonrpc-core v14.2.0
[INFO] [stderr]     Checking cookie_store v0.7.0
[INFO] [stderr]     Checking sentry-types v0.11.0
[INFO] [stderr]     Checking ckb-logger v0.36.0-pre (https://github.com/nervosnetwork/ckb?branch=quake/bloom-filter#3cf8437c)
[INFO] [stderr]     Checking ckb-occupied-capacity v0.36.0-pre (https://github.com/nervosnetwork/ckb?branch=quake/bloom-filter#3cf8437c)
[INFO] [stderr]    Compiling proc-macro-crate v0.1.5
[INFO] [stderr]    Compiling ckb-error v0.36.0-pre (https://github.com/nervosnetwork/ckb?branch=quake/bloom-filter#3cf8437c)
[INFO] [stderr]     Checking jsonrpc-server-utils v14.2.0
[INFO] [stderr]     Checking reqwest v0.9.24
[INFO] [stderr]    Compiling jsonrpc-derive v14.2.1
[INFO] [stderr]     Checking jsonrpc-http-server v14.2.0
[INFO] [stderr]     Checking ckb-fixed-hash v0.36.0-pre (https://github.com/nervosnetwork/ckb?branch=quake/bloom-filter#3cf8437c)
[INFO] [stderr]     Checking ckb-crypto v0.36.0-pre (https://github.com/nervosnetwork/ckb?branch=quake/bloom-filter#3cf8437c)
[INFO] [stderr] error: could not compile `numext-fixed-uint-core`.
[INFO] [stderr] 
[INFO] [stderr] Caused by:
[INFO] [stderr]   process didn't exit successfully: `rustc --crate-name numext_fixed_uint_core --edition=2018 /opt/rustwide/cargo-home/registry/src/github.com-1ecc6299db9ec823/numext-fixed-uint-core-0.1.4/src/lib.rs --error-format=json --json=diagnostic-rendered-ansi --crate-type lib --emit=dep-info,metadata -C embed-bitcode=no -C debuginfo=2 --cfg 'feature="default"' --cfg 'feature="heapsize"' --cfg 'feature="rand"' --cfg 'feature="serde"' --cfg 'feature="support_heapsize"' --cfg 'feature="support_rand"' --cfg 'feature="support_serde"' -C metadata=d6bf15b03e27bf90 -C extra-filename=-d6bf15b03e27bf90 --out-dir /opt/rustwide/target/debug/deps -L dependency=/opt/rustwide/target/debug/deps --extern failure=/opt/rustwide/target/debug/deps/libfailure-c4d86ca7e8c4520e.rmeta --extern heapsize=/opt/rustwide/target/debug/deps/libheapsize-e7e06f181add1673.rmeta --extern numext_constructor=/opt/rustwide/target/debug/deps/libnumext_constructor-d3d14e0275610f2a.so --extern rand=/opt/rustwide/target/debug/deps/librand-367dd0e9fd9267ba.rmeta --extern serde=/opt/rustwide/target/debug/deps/libserde-bcc982888a9a7fca.rmeta --cap-lints allow --cap-lints=forbid` (signal: 9, SIGKILL: kill)
[INFO] [stderr] warning: build failed, waiting for other jobs to finish...
[INFO] [stderr] The following warnings were emitted during compilation:
[INFO] [stderr] 
[INFO] [stderr] warning: c++: fatal error: Killed signal terminated program cc1plus
[INFO] [stderr] warning: compilation terminated.
[INFO] [stderr] warning: c++: fatal error: Killed signal terminated program cc1plus
[INFO] [stderr] warning: compilation terminated.
[INFO] [stderr] warning: c++: fatal error: Killed signal terminated program cc1plus
[INFO] [stderr] warning: compilation terminated.
[INFO] [stderr] warning: c++: fatal error: Killed signal terminated program cc1plus
[INFO] [stderr] warning: compilation terminated.
[INFO] [stderr] 
[INFO] [stderr] error: build failed
[INFO] running `Command { std: "docker" "inspect" "cee513d78ec40aba515267efdd530fde72c249878357af77d28a2ce3ebda111c", kill_on_drop: false }`
[INFO] running `Command { std: "docker" "rm" "-f" "cee513d78ec40aba515267efdd530fde72c249878357af77d28a2ce3ebda111c", kill_on_drop: false }`
[INFO] [stdout] cee513d78ec40aba515267efdd530fde72c249878357af77d28a2ce3ebda111c
